{"id":360,"date":"2023-10-09T22:01:01","date_gmt":"2023-10-09T22:01:01","guid":{"rendered":"https:\/\/studio-m-hairstyle.de\/?page_id=360"},"modified":"2025-08-13T11:54:11","modified_gmt":"2025-08-13T11:54:11","slug":"360-2","status":"publish","type":"page","link":"https:\/\/studio-m-hairstyle.de\/","title":{"rendered":"Home"},"content":{"rendered":"\n<div id=\"wp-block-themeisle-blocks-advanced-columns-427f53fe\" class=\"wp-block-themeisle-blocks-advanced-columns alignfull has-1-columns has-desktop-equal-layout has-tablet-equal-layout has-mobile-equal-layout has-vertical-unset animated zoomIn\"><div class=\"wp-block-themeisle-blocks-advanced-columns-overlay\"><\/div><div class=\"innerblocks-wrap\">\n<div id=\"wp-block-themeisle-blocks-advanced-column-e917b60f\" class=\"wp-block-themeisle-blocks-advanced-column\">\n<h1 id=\"wp-block-themeisle-blocks-advanced-heading-a38221a8\" class=\"wp-block-themeisle-blocks-advanced-heading wp-block-themeisle-blocks-advanced-heading-a38221a8\">STUDIO M HAIRSTYLE<\/h1>\n\n\n\n<h2 class=\"wp-block-heading has-text-align-center has-neve-link-hover-color-color has-text-color\" style=\"font-size:27px\">Ihr exklusiver Friseur in Metzingen&nbsp;<\/h2>\n\n\n\n<p class=\"has-text-align-center\"><strong>Ulmer Str. 112, 72555 Metzingen<\/strong><\/p>\n\n\n\n<p class=\"has-text-align-center\"><strong><a href=\"tel:071233800936\">07123 3800936<\/a><\/strong><\/p>\n<\/div>\n<\/div><\/div>\n\n\n\n<div id=\"wp-block-themeisle-blocks-advanced-columns-31e21002\" class=\"wp-block-themeisle-blocks-advanced-columns alignfull has-3-columns has-desktop-equal-layout has-tablet-equal-layout has-mobile-collapsedRows-layout has-vertical-unset animated fadeInLeft\"><div class=\"wp-block-themeisle-blocks-advanced-columns-overlay\"><\/div><div class=\"innerblocks-wrap\">\n<div id=\"wp-block-themeisle-blocks-advanced-column-c9be9e5d\" class=\"wp-block-themeisle-blocks-advanced-column\">\n<div id=\"wp-block-themeisle-blocks-font-awesome-icons-1e4d367e\" class=\"wp-block-themeisle-blocks-font-awesome-icons\"><span class=\"wp-block-themeisle-blocks-font-awesome-icons-container\"><i class=\"fas fa-cut\"><\/i><\/span><\/div>\n\n\n\n<h3 id=\"wp-block-themeisle-blocks-advanced-heading-0844e979\" class=\"wp-block-themeisle-blocks-advanced-heading wp-block-themeisle-blocks-advanced-heading-0844e979\">Schneiden <\/h3>\n\n\n\n<p class=\"has-text-align-center has-neve-text-color-color has-text-color\"> Professionelle Haarschnitte, die Ihren individuellen Stil unterstreichen. <\/p>\n<\/div>\n\n\n\n<div id=\"wp-block-themeisle-blocks-advanced-column-6973b905\" class=\"wp-block-themeisle-blocks-advanced-column\">\n<div id=\"wp-block-themeisle-blocks-font-awesome-icons-23e6330f\" class=\"wp-block-themeisle-blocks-font-awesome-icons\"><span class=\"wp-block-themeisle-blocks-font-awesome-icons-container\"><i class=\"fas fa-hands-wash\"><\/i><\/span><\/div>\n\n\n\n<h3 id=\"wp-block-themeisle-blocks-advanced-heading-4ece72b2\" class=\"wp-block-themeisle-blocks-advanced-heading wp-block-themeisle-blocks-advanced-heading-4ece72b2\"> Pflege<\/h3>\n\n\n\n<p class=\"has-text-align-center has-neve-text-color-color has-text-color\">Wir legen gro\u00dfen Wert auf umfassende und intensive Haarpflege.<\/p>\n<\/div>\n\n\n\n<div id=\"wp-block-themeisle-blocks-advanced-column-dbae4f08\" class=\"wp-block-themeisle-blocks-advanced-column\">\n<div id=\"wp-block-themeisle-blocks-font-awesome-icons-46b6032e\" class=\"wp-block-themeisle-blocks-font-awesome-icons\"><span class=\"wp-block-themeisle-blocks-font-awesome-icons-container\"><i class=\"fas fa-paint-brush\"><\/i><\/span><\/div>\n\n\n\n<h3 id=\"wp-block-themeisle-blocks-advanced-heading-dc433383\" class=\"wp-block-themeisle-blocks-advanced-heading wp-block-themeisle-blocks-advanced-heading-dc433383\"> Farbe <\/h3>\n\n\n\n<p class=\"has-text-align-center has-neve-text-color-color has-text-color\">Mit kreativen Farbtechniken verwandeln wir Haare in ausdrucksstarke Kunstwerke.<\/p>\n<\/div>\n<\/div><\/div>\n\n\n\n<hr class=\"wp-block-separator alignwide has-alpha-channel-opacity is-style-dots\"\/>\n\n\n\n<div id=\"wp-block-themeisle-blocks-advanced-columns-62386cc2\" class=\"wp-block-themeisle-blocks-advanced-columns has-1-columns has-desktop-equal-layout has-tablet-equal-layout has-mobile-equal-layout has-vertical-unset\"><div class=\"wp-block-themeisle-blocks-advanced-columns-overlay\"><\/div><div class=\"innerblocks-wrap\">\n<div id=\"wp-block-themeisle-blocks-advanced-column-bc41f929\" class=\"wp-block-themeisle-blocks-advanced-column\">\n<h3 id=\"uber-uns\" class=\"wp-block-themeisle-blocks-advanced-heading uber-uns\">Erleben Sie das exklusive Studio M Haarerlebnis<\/h3>\n\n\n\n<p class=\"has-text-align-center\">Unser erfahrenes Stylisten-Team freut sich darauf, Ihnen erstklassige Haarschnitte und eine breite Palette an Sch\u00f6nheitsdienstleistungen bieten zu d\u00fcrfen. Egal, ob Sie nach einer modernen Neugestaltung oder einer zeitlosen Frisur suchen, bei uns werden Ihre Vorstellungen in atemberaubende Ergebnisse umgesetzt.<\/p>\n\n\n\n<p class=\"has-text-align-center\">In unserem Friseur Studio in Metzingen verbinden wir meisterhaftes Handwerk mit einer einladenden Atmosph\u00e4re. Wir verstehen, dass jeder Kunde einzigartig ist. Deshalb nehmen wir uns die Zeit, Ihre individuellen W\u00fcnsche zu verstehen und ma\u00dfgeschneiderte L\u00f6sungen anzubieten. Von trendigen Haarschnitten \u00fcber beeindruckende Farbver\u00e4nderungen bis hin zu eleganten Hochsteckfrisuren f\u00fcr besondere Anl\u00e4sse sind wir darauf spezialisiert, Ihren pers\u00f6nlichen Stil perfekt zu unterstreichen.<\/p>\n\n\n\n<p class=\"has-text-align-center\">Wir verwenden ausschlie\u00dflich erstklassige Produkte, die Ihre Haare optimal pflegen und sch\u00fctzen. Unsere Leidenschaft f\u00fcr aktuelle Trends und zeitlose Eleganz spiegelt sich in jedem Service wider, den wir anbieten. Besuchen Sie unser Studio M in Metzingen und erleben Sie herausragende Haarpflege und Styling-Magie, die Ihre Erwartungen \u00fcbertreffen wird.<\/p>\n\n\n\n<p class=\"has-text-align-center\">Buchen Sie noch heute einen Termin bei Studio M und g\u00f6nnen Sie sich das Haarerlebnis, das Sie verdienen. <br>Wir freuen uns darauf, Sie bei uns willkommen zu hei\u00dfen!<\/p>\n<\/div>\n<\/div><\/div>\n\n\n\n<div id=\"wp-block-themeisle-blocks-advanced-columns-a03d85c1\" class=\"wp-block-themeisle-blocks-advanced-columns alignfull has-1-columns has-desktop-equal-layout has-tablet-equal-layout has-mobile-equal-layout has-vertical-unset has-dark-bg\"><div class=\"wp-block-themeisle-blocks-advanced-columns-overlay\"><\/div><div class=\"innerblocks-wrap\">\n<div id=\"wp-block-themeisle-blocks-advanced-column-0e70f4bf\" class=\"wp-block-themeisle-blocks-advanced-column\">\n<figure class=\"wp-block-gallery has-nested-images columns-default is-cropped wp-block-gallery-1 is-layout-flex wp-block-gallery-is-layout-flex\">\n<figure class=\"wp-block-image size-full animated fadeInLeftBig\"><img decoding=\"async\" loading=\"lazy\" width=\"480\" height=\"640\" src=\"https:\/\/studio-m-hairstyle.de\/wp-content\/uploads\/2023\/10\/image0-rotated.jpeg\" alt=\"\" class=\"wp-image-363\" srcset=\"https:\/\/studio-m-hairstyle.de\/wp-content\/uploads\/2023\/10\/image0-rotated.jpeg 480w, https:\/\/studio-m-hairstyle.de\/wp-content\/uploads\/2023\/10\/image0-225x300.jpeg 225w\" sizes=\"(max-width: 480px) 100vw, 480px\" \/><\/figure>\n\n\n\n<figure class=\"wp-block-image size-full animated fadeInLeftBig delay-200ms\"><img decoding=\"async\" loading=\"lazy\" width=\"480\" height=\"640\" src=\"https:\/\/studio-m-hairstyle.de\/wp-content\/uploads\/2023\/10\/image1-rotated.jpeg\" alt=\"\" class=\"wp-image-364\" srcset=\"https:\/\/studio-m-hairstyle.de\/wp-content\/uploads\/2023\/10\/image1-rotated.jpeg 480w, https:\/\/studio-m-hairstyle.de\/wp-content\/uploads\/2023\/10\/image1-225x300.jpeg 225w\" sizes=\"(max-width: 480px) 100vw, 480px\" \/><\/figure>\n\n\n\n<figure class=\"wp-block-image size-full animated fadeInLeftBig delay-500ms\"><img decoding=\"async\" loading=\"lazy\" width=\"480\" height=\"640\" src=\"https:\/\/studio-m-hairstyle.de\/wp-content\/uploads\/2023\/10\/image2-rotated.jpeg\" alt=\"\" class=\"wp-image-365\" srcset=\"https:\/\/studio-m-hairstyle.de\/wp-content\/uploads\/2023\/10\/image2-rotated.jpeg 480w, https:\/\/studio-m-hairstyle.de\/wp-content\/uploads\/2023\/10\/image2-225x300.jpeg 225w\" sizes=\"(max-width: 480px) 100vw, 480px\" \/><\/figure>\n\n\n\n<figure class=\"wp-block-image size-full animated fadeInLeftBig delay-200ms\"><img decoding=\"async\" loading=\"lazy\" width=\"480\" height=\"640\" src=\"https:\/\/studio-m-hairstyle.de\/wp-content\/uploads\/2023\/10\/image4-rotated.jpeg\" alt=\"\" class=\"wp-image-367\" srcset=\"https:\/\/studio-m-hairstyle.de\/wp-content\/uploads\/2023\/10\/image4-rotated.jpeg 480w, https:\/\/studio-m-hairstyle.de\/wp-content\/uploads\/2023\/10\/image4-225x300.jpeg 225w\" sizes=\"(max-width: 480px) 100vw, 480px\" \/><\/figure>\n\n\n\n<figure class=\"wp-block-image size-full animated fadeInLeftBig delay-500ms\"><img decoding=\"async\" loading=\"lazy\" width=\"480\" height=\"640\" src=\"https:\/\/studio-m-hairstyle.de\/wp-content\/uploads\/2023\/10\/image3-rotated.jpeg\" alt=\"\" class=\"wp-image-366\" srcset=\"https:\/\/studio-m-hairstyle.de\/wp-content\/uploads\/2023\/10\/image3-rotated.jpeg 480w, https:\/\/studio-m-hairstyle.de\/wp-content\/uploads\/2023\/10\/image3-225x300.jpeg 225w\" sizes=\"(max-width: 480px) 100vw, 480px\" \/><\/figure>\n<\/figure>\n<\/div>\n<\/div><\/div>\n\n\n\n<div id=\"wp-block-themeisle-blocks-advanced-columns-dc6d7bcb\" class=\"wp-block-themeisle-blocks-advanced-columns alignfull has-2-columns has-desktop-twoOne-layout has-tablet-equal-layout has-mobile-collapsedRows-layout has-vertical-unset has-dark-bg\"><div class=\"wp-block-themeisle-blocks-advanced-columns-overlay\"><\/div><div class=\"innerblocks-wrap\">\n<div id=\"wp-block-themeisle-blocks-advanced-column-273d9f69\" class=\"wp-block-themeisle-blocks-advanced-column\">\n<h3 id=\"wp-block-themeisle-blocks-advanced-heading-deb7c373\" class=\"wp-block-themeisle-blocks-advanced-heading wp-block-themeisle-blocks-advanced-heading-deb7c373\">Buchen Sie jetzt ihren Termin!<\/h3>\n<\/div>\n\n\n\n<div id=\"wp-block-themeisle-blocks-advanced-column-bb76f275\" class=\"wp-block-themeisle-blocks-advanced-column\">\n<div id=\"wp-block-themeisle-blocks-button-group-dae31ca2\" class=\"wp-block-themeisle-blocks-button-group wp-block-buttons align-center\">\n<div id=\"wp-block-themeisle-blocks-button-ac3b0d38\" class=\"wp-block-themeisle-blocks-button wp-block-button\"><a href=\"mailto:info@studio-m-hairstyle.de\" target=\"_blank\" rel=\"noopener noreferrer\" class=\"wp-block-button__link\"><span>Termin buchen<\/span><\/a><\/div>\n<\/div>\n<\/div>\n<\/div><\/div>\n\n\n\n<div id=\"wp-block-themeisle-blocks-advanced-columns-dd09346b\" class=\"wp-block-themeisle-blocks-advanced-columns has-1-columns has-desktop-equal-layout has-tablet-equal-layout has-mobile-equal-layout has-vertical-unset\"><div class=\"wp-block-themeisle-blocks-advanced-columns-overlay\"><\/div><div class=\"innerblocks-wrap\">\n<div id=\"wp-block-themeisle-blocks-advanced-column-a6db9f3c\" class=\"wp-block-themeisle-blocks-advanced-column\">\n<div class=\"wp-block-columns is-layout-flex wp-container-4 wp-block-columns-is-layout-flex\">\n<div class=\"wp-block-column is-layout-flow wp-block-column-is-layout-flow\"><\/div>\n<\/div>\n\n\n\n<p class=\"has-text-align-center\"><\/p>\n<\/div>\n<\/div><\/div>\n\n\n\n<div id=\"kontakt2\" class=\"wp-block-themeisle-blocks-advanced-columns alignfull has-1-columns has-desktop-equal-layout has-tablet-equal-layout has-mobile-collapsedRows-layout has-vertical-unset has-light-bg\"><div class=\"wp-block-themeisle-blocks-advanced-columns-overlay\"><\/div><div class=\"innerblocks-wrap\">\n<div id=\"wp-block-themeisle-blocks-advanced-column-bb237b6e\" class=\"wp-block-themeisle-blocks-advanced-column\">\n<h2 class=\"wp-block-heading has-large-font-size\" id=\"kontakt\"><strong>Kontakt &amp; \u00d6ffnungszeiten<\/strong><\/h2>\n\n\n\n<p><strong>\u00d6ffnungszeiten:<\/strong><br>Dienstag &#8211; Freitag von 9:00 &#8211; 19:00 Uhr<\/p>\n\n\n\n<div id=\"wp-block-themeisle-blocks-button-group-3adf0685\" class=\"wp-block-themeisle-blocks-button-group wp-block-buttons\">\n<div id=\"wp-block-themeisle-blocks-button-a0bab6a5\" class=\"wp-block-themeisle-blocks-button wp-block-button\"><a href=\"https:\/\/maps.app.goo.gl\/XFHEzmmngfDR1BX19\" target=\"_blank\" rel=\"noopener noreferrer\" class=\"wp-block-button__link\"><i class=\"fas fa-fw fa-map-marker-alt margin-right\"><\/i><span>Ulmer Stra\u00dfe 112, 72555 Metzingen<\/span><\/a><\/div>\n<\/div>\n\n\n\n<div id=\"wp-block-themeisle-blocks-button-group-ef6ae603\" class=\"wp-block-themeisle-blocks-button-group wp-block-buttons\">\n<div id=\"wp-block-themeisle-blocks-button-9d51f007\" class=\"wp-block-themeisle-blocks-button wp-block-button\"><a href=\"tel:071233800936\" target=\"_self\" rel=\"noopener noreferrer\" class=\"wp-block-button__link\"><i class=\"fas fa-fw fa-phone margin-right\"><\/i><span>07123 &#8211; 3 80 09 36<\/span><\/a><\/div>\n\n\n\n<div id=\"wp-block-themeisle-blocks-button-c9497cd7\" class=\"wp-block-themeisle-blocks-button wp-block-button\"><a target=\"_self\" rel=\"noopener noreferrer\" class=\"wp-block-button__link\"><span>Termine nur  telefonisch!<\/span><\/a><\/div>\n<\/div>\n\n\n\n<div id=\"wp-block-themeisle-blocks-button-group-838f6aa8\" class=\"wp-block-themeisle-blocks-button-group wp-block-buttons\">\n<div id=\"wp-block-themeisle-blocks-button-0f05f1d0\" class=\"wp-block-themeisle-blocks-button wp-block-button\"><a href=\"mailto:info@studio-m-hairstyle.de\" target=\"_self\" rel=\"noopener noreferrer\" class=\"wp-block-button__link\"><i class=\"fas fa-fw fa-envelope margin-right\"><\/i><span>info@studio-m-hairstyle.de<\/span><\/a><\/div>\n<\/div>\n<\/div>\n<\/div><\/div>\n","protected":false},"excerpt":{"rendered":"","protected":false},"author":1,"featured_media":0,"parent":0,"menu_order":0,"comment_status":"closed","ping_status":"closed","template":"","meta":{"neve_meta_sidebar":"","neve_meta_container":"","neve_meta_enable_content_width":"","neve_meta_content_width":0,"neve_meta_title_alignment":"","neve_meta_author_avatar":"","neve_post_elements_order":"","neve_meta_disable_header":"off","neve_meta_disable_footer":"","neve_meta_disable_title":"on","_themeisle_gutenberg_block_has_review":false,"footnotes":""},"_links":{"self":[{"href":"https:\/\/studio-m-hairstyle.de\/index.php?rest_route=\/wp\/v2\/pages\/360"}],"collection":[{"href":"https:\/\/studio-m-hairstyle.de\/index.php?rest_route=\/wp\/v2\/pages"}],"about":[{"href":"https:\/\/studio-m-hairstyle.de\/index.php?rest_route=\/wp\/v2\/types\/page"}],"author":[{"embeddable":true,"href":"https:\/\/studio-m-hairstyle.de\/index.php?rest_route=\/wp\/v2\/users\/1"}],"replies":[{"embeddable":true,"href":"https:\/\/studio-m-hairstyle.de\/index.php?rest_route=%2Fwp%2Fv2%2Fcomments&post=360"}],"version-history":[{"count":11,"href":"https:\/\/studio-m-hairstyle.de\/index.php?rest_route=\/wp\/v2\/pages\/360\/revisions"}],"predecessor-version":[{"id":407,"href":"https:\/\/studio-m-hairstyle.de\/index.php?rest_route=\/wp\/v2\/pages\/360\/revisions\/407"}],"wp:attachment":[{"href":"https:\/\/studio-m-hairstyle.de\/index.php?rest_route=%2Fwp%2Fv2%2Fmedia&parent=360"}],"curies":[{"name":"wp","href":"https:\/\/api.w.org\/{rel}","templated":true}]}}